 87?
False
Is 57969 a multiple of 57?
True
Is 97259 a multiple of 79?
False
Is 377052 a multiple of 39?
True
Is 193267 a multiple of 24?
False
Is 102898 a multiple of 264?
False
Does 404 divide 86982?
False
Is 33472 a multiple of 64?
True
Is 24 a factor of 118200?
True
Does 3 divide 1773991?
False
Is 772 a factor of 440812?
True
Is 623750 a multiple of 12?
False
Is 26 a factor of 435148?
False
Does 8 divide 122144?
True
Does 5 divide 2055945?
True
Is 4271160 a multiple of 20?
True
Is 15006775 a multiple of 29?
True
Does 23 divide 35918845?
False
Is 63 a factor of 163863?
True
Does 3 divide 1146210?
True
Is 398 a factor of 622980?
False
Is 12138 a multiple of 238?
True
Does 315 divide 742365?
False
Does 48 divide 1013616?
True
Is 465963 a multiple of 38?
False
Does 1240 divide 2411800?
True
Is 72 a factor of 304992?
True
Is 1440942 a multiple of 122?
True
Does 143 divide 46189?
True
Does 205 divide 1146032?
False
Does 360 divide 505239?
False
Is 85 a factor of 13461960?
True
Is 94 a factor of 252672?
True
Is 15 a factor of 795?
True
Does 53 divide 36080002?
False
Is 399815 a multiple of 13?
True
Is 601822 a multiple of 1027?
True
Does 77 divide 739200?
True
Is 11 a factor of 14367?
False
Is 12 a factor of 1044?
True
Does 111 divide 545232?
True
Is 1378142 a multiple of 39?
False
Does 2 divide 369245?
False
Does 27 divide 466722?
True
Is 38 a factor of 309741?
False
Does 661 divide 31761050?
True
Is 724986 a multiple of 369?
False
Does 18 divide 722826?
True
Is 606 a factor of 425412?
True
Does 211 divide 12145?
False
Does 20 divide 462340?
True
Is 103660 a multiple of 142?
True
Is 39 a factor of 529340?
False
Does 291 divide 42574?
False
Does 366 divide 186086?
False
Is 50865 a multiple of 5?
True
Is 4 a factor of 222268?
True
Is 78499 a multiple of 3?
False
Is 16 a factor of 2591495?
False
Is 77 a factor of 15124?
False
Is 6246664 a multiple of 9?
False
Is 11876623 a multiple of 11?
True
Is 621032 a multiple of 4?
True
Is 24948 a multiple of 12?
True
Is 2746016 a multiple of 16?
True
Is 58 a factor of 2298714?
True
Does 103 divide 467417?
False
Is 11 a factor of 18753933?
True
Is 14 a factor of 351301?
False
Does 31 divide 307299?
False
Is 73656 a multiple of 9?
True
Is 47744 a multiple of 316?
False
Does 5 divide 185850?
True
Is 56 a factor of 377776?
True
Is 37 a factor of 15837239?
False
Is 1699246 a multiple of 194?
True
Does 427 divide 967582?
True
Is 12627912 a multiple of 132?
True
Is 104892 a multiple of 19?
False
Is 32868 a multiple of 33?
True
Is 1401270 a multiple of 10?
True
Does 36 divide 421848?
True
Is 21 a factor of 2409524?
False
Does 286 divide 205973?
False
Is 4038801 a multiple of 39?
True
Is 22 a factor of 6921090?
True
Is 21 a factor of 8673?
True
Is 2380525 a multiple of 58?
False
Is 8 a factor of 8335?
False
Is 1918832 a multiple of 688?
True
Is 70251 a multiple of 23?
False
Does 207 divide 210312?
True
Is 113 a factor of 1280855?
True
Does 11 divide 1982128?
False
Does 374 divide 373997?
False
Is 6 a factor of 3758843?
False
Is 3849000 a multiple of 125?
True
Does 11 divide 141603?
True
Is 846 a factor of 12808709?
False
Is 1003040 a multiple of 32?
True
Is 146 a factor of 62912?
False
Is 12 a factor of 44388?
True
Is 3460537 a multiple of 234?
False
Is 9 a factor of 101691?
True
Is 1002 a factor of 3729444?
True
Is 58 a factor of 3348?
False
Is 19423668 a multiple of 492?
True
Is 132 a factor of 218135?
False
Does 426 divide 4464102?
False
Is 51 a factor of 113510?
False
Is 9 a factor of 11184?
False
Does 16 divide 122960?
True
Does 35 divide 1315727?
False
Is 556038 a multiple of 42?
True
Does 13 divide 34853?
True
Is 18 a factor of 2908494?
True
Is 402138 a multiple of 54?
True
Does 58 divide 977010?
True
Is 275568 a multiple of 8?
True
Is 279425 a multiple of 45?
False
Is 689926 a multiple of 41?
False
Is 367 a factor of 1146253?
False
Does 113 divide 879818?
True
Is 3185948 a multiple of 31?
False
Is 830 a factor of 9917762?
False
Is 2013825 a multiple of 99?
False
Does 132 divide 51996?
False
Is 993450 a multiple of 74?
True
Is 87803 a multiple of 3?
False
Is 867 a factor of 1132302?
True
Is 6966804 a multiple of 156?
True
Is 38 a factor of 484690?
True
Is 451 a factor of 3917837?
True
Does 13 divide 1798174?
False
Is 493864 even?
True
Does 46 divide 75992?
True
Is 1476055 a multiple of 181?
True
Is 168 a factor of 119280?
True
Is 51107 a multiple of 49?
True
Is 21 a factor of 210040?
False
Is 6279 a multiple of 9?
False
Is 81606 a multiple of 14?
True
Does 338 divide 415738?
False
Is 38493 a multiple of 63?
True
Is 78 a factor of 277857?
False
Does 215 divide 1473180?
True
Is 1862820 a multiple of 15?
True
Is 36464 a multiple of 16?
True
Is 37469 a multiple of 9?
False
Does 994 divide 4954485?
False
Is 258970 a multiple of 29?
True
Is 15 a factor of 579022?
False
Does 235 divide 9428148?
False
Is 5 a factor of 17545?
True
Is 1259 a factor of 2918403?
False
Does 56 divide 464016?
True
Does 9 divide 7225428?
False
Is 1486 a factor of 4660833?
False
Is 18 a factor of 804090?
False
Is 3 a factor of 28753?
False
Is 180919 a multiple of 37?
False
Is 70043 a multiple of 3?
False
Is 373037 a multiple of 23?
True
Is 15207365 a multiple of 26?
False
Is 16 a factor of 689354?
False
Does 50 divide 81300?
True
Does 3 divide 16766?
False
Is 159 a factor of 315297?
True
Is 123208 a multiple of 6?
False
Does 3 divide 3384?
True
Does 664 divide 324703?
False
Does 111 divide 87357?
True
Does 11 divide 21439990?
True
Does 2 divide 247519?
False
Is 2949185 a multiple of 359?
True
Is 134 a factor of 752812?
True
Is 663 a factor of 757146?
True
Is 8 a factor of 267600?
True
Is 247813 a multiple of 11?
False
Is 2934012 a multiple of 19?
False
Does 7 divide 888391?
True
Is 35877 a multiple of 2?
False
Is 6 a factor of 74725?
False
Is 159300 a multiple of 118?
True
Is 569408 a multiple of 95?
False
Is 183303 a multiple of 81?
True
Is 42 a factor of 839679?
False
Does 12 divide 358248?
True
Is 3448564 a multiple of 274?
True
Is 13 a factor of 356887?
False
Is 717 a factor of 2995626?
True
Is 10 a factor of 783300?
True
Is 100 a factor of 61721?
False
Does 181 divide 10936763?
False
Is 372 a factor of 1755688?
False
Does 7 divide 40594?
False
Is 410 a factor of 1282070?
True
Is 3291899 a multiple of 36?
False
Does 21 divide 1313340?
True
Is 8 a factor of 152488?
True
Does 194 divide 462136?
False
Is 27720 a multiple of 330?
True
Is 262 a factor of 173444?
True
Does 12 divide 333276?
True
Is 155990 a multiple of 6?
False
Is 7282865 a multiple of 502?
False
Is 6931384 a multiple of 18?
False
Is 1650192 a multiple of 118?
False
Does 63 divide 186354?
True
Is 75 a factor of 2490975?
True
Does 8 divide 156949?
False
Is 228 a factor of 321332?
False
Does 30 divide 10470?
True
Is 6 a factor of 658716?
True
Does 18 divide 604648?
False
Is 54 a factor of 11080908?
True
Does 485 divide 604963?
False
Is 25275957 a multiple of 707?
True
Does 155 divide 1566343?
False
Is 31 a factor of 5611?
True
Does 617 divide 674998?
True
Is 1584216 a multiple of 9?
True
Is 4 a factor of 46320?
True
Is 28 a factor of 273022?
False
Is 58 a factor of 28768?
True
Does 50 divide 3604953?
False
Is 36 a factor of 880992?
True
Is 160 a factor of 4480?
True
Is 1735793 a multiple of 5?
False
Does 14 divide 775162?
False
Is 59 a factor of 283200?
True
Is 24 a factor of 302496?
True
Is 555863 a multiple of 288?
False
Does 8 divide 22437?
False
Is 1437362 a multiple of 4?
False
Is 1036 a factor of 2066820?
True
Is 145890 a multiple of 18?
True
Does 8 divide 352427?
False
Is 57 a factor of 74898?
True
Does 352 divide 3925129?
False
Is 362100 a multiple of 25?
True
Does 210 divide 15540?
True
Does 3 divide 2349375?
True
Is 1031 a factor of 2643745?
False
Is 1049516 a multiple of 436?
False
Does 36 divide 1990367?
False
Is 169830 a multiple of 37?
True
Is 2002 a multiple of 39?
False
Does 154 divide 53284?
True
Is 102 a factor of 434622?
True
Does 29 divide 3361796?
True
Is 19162 a multiple of 13?
True
Is 12 a factor of 13468?
False
Is 3807724 a multiple of 121?
False
Is 8 a factor of 167811?
False
Is 3059045 a multiple of 11?
True
Is 246744 a multiple of 552?
True
Does 12 divide 50472?
True
Does 7 divide 6281873?
False
Does 42 divide 11514064?
False
Does 5 divide 21658?
Fal